est common factor of 3838 and k?
202
Let c(s) = 3316*s - 301. Let k be c(1). What is the highest common divisor of k and 15?
15
Let h = -293 + 473. Calculate the greatest common divisor of 215 and h.
5
Let v(a) = 21*a**2 - 2*a. Let i be v(3). What is the greatest common divisor of i and 2?
1
Let p(w) = -2*w - 10. Let m be p(-8). Let z be 1*19 + -64 + 71. What is the greatest common factor of m and z?
2
Suppose 144 = -2*o + 582. Let u = 230 - o. What is the highest common factor of u and 132?
11
Suppose 171 = 2*c - 5*m, -1214*c - 85 = -1215*c + 3*m. Suppose 2*p - p = -2*u + 76, 3*u - 136 = 4*p. What is the highest common factor of c and u?
8
Let b be (-4407)/(-52) - (-3)/(-4). Suppose 197*j - b = 190*j. What is the highest common factor of j and 132?
12
Let d be (147/14)/(-7)*(-4)/(-6). Let l be 48 - d/((-6)/36). Calculate the greatest common factor of l and 24.
6
Let d(s) = 2*s**3 - 33*s**2 - 16*s - 17. Let r be d(17). Suppose 2*q + r - 24 = -y, 4*y + 4*q - 116 = 0. What is the highest common factor of 85 and y?
17
Let k(t) = 285*t**2 - 3*t + 4. Let y be k(1). Suppose 134 = -4*a + y. Calculate the greatest common divisor of a and 19.
19
Let h = 15 - -49. Suppose -4*p + 107 - 87 = 0. Suppose -2*t + p = -11. Calculate the greatest common factor of h and t.
8
Let k(v) = -27*v + 184. Let r be k(6). Suppose -19*x + r*x - 141 = 0. Calculate the highest common factor of 1 and x.
1
Suppose -t - 41 = -p, 92*t + 123 = 3*p + 90*t. Calculate the greatest common divisor of p and 328.
41
Let o be (2 - (-1 + -2))/1. Suppose -o*p + 286 = -484. Let k be (-23 - 0 - (-48050)/1302) + (-4)/(-42). Calculate the highest common factor of p and k.
14
Let r = -141 - -204. Let k be 21/2*330/385. What is the highest common divisor of k and r?
9
Let v be ((-2562)/(-5551))/(((-2)/(-26))/1). What is the greatest common factor of v and 1536?
6
Let i be (32 + -27)*459/15. What is the highest common divisor of i and 68?
17
Let z be (-3060)/(-8) + 6/4. Let b = -52 - -60. Suppose b*y - 432 = -y. What is the highest common factor of y and z?
48
Let r be 5/15 - 1771/21. Let x = r + 168. What is the greatest common divisor of 12 and x?
12
Let g = -174 - -196. Suppose -10*z = -4*z - 132. What is the highest common factor of g and z?
22
Let d = 70 - 65. Let s be ((-4)/(-30)*3)/(d/50). Let m be 3/((s - (-6)/(-2))/2). What is the highest common divisor of m and 48?
6
Let p = -10 + 8. Let o be (-2)/p*(34 + -1). What is the greatest common divisor of 132 and o?
33
Suppose -460*l + 37655 = -303*l - 2851. Calculate the greatest common factor of 534 and l.
6
Let p = -4695 + 4713. What is the greatest common factor of 19116 and p?
18
Suppose 37*h - 216752 = -147*h. What is the greatest common factor of h and 133?
19
Let p be 10*(-58)/(-4) - 1. Let h = -110147 - -110163. Calculate the greatest common factor of p and h.
16
Suppose h + 775 = 49. Let q = 1097 + h. Calculate the highest common factor of 53 and q.
53
Suppose 3*h - 38 = 5*h + 5*k, -80 = 5*h + 5*k. Let d be 7*(-8)/h - (-4 - -2). Calculate the greatest common factor of 54 and d.
6
Let p = -32 + 19. Let i = 343 + -324. Let y = p + i. Calculate the highest common divisor of 42 and y.
6
Let q = 19 + 13. Let w = 400 + -448. Let m be 120/(-45)*(0 + w). What is the highest common factor of q and m?
32
Let p = 43081 + -33049. Calculate the greatest common divisor of 228 and p.
228
Suppose 5*o - 110 = -5*h, -159*o = -164*o + 5*h + 40. Calculate the highest common factor of 5135 and o.
5
Let g be 0 - (0 + 1)*-87. Let x(o) = 21*o + 129. Let v be x(-6). Calculate the greatest common divisor of g and v.
3
Let k(o) be the second derivative of o**4/12 - 13*o**3/6 - 35*o**2/2 + 3*o. Let s be k(11). Let d = s + 77. Calculate the greatest common factor of 4 and d.
4
Suppose -54*n + 20264 = -51*n + 295*n. Calculate the highest common divisor of n and 2414.
34
Let t = -1732 - -2425. What is the greatest common divisor of 18 and t?
9
Let y(u) = -u**3 + 53*u**2 + 67*u + 126. Let r be y(51). What is the highest common divisor of r and 660?
165
Suppose -1497 = -76*i - 59*i + 136608. What is the highest common factor of 33 and i?
33
Let t = -61 - -62. Let p be 9/3 - (155*t - 2). Let f be (-1)/3 - p/18. Calculate the highest common factor of 56 and f.
8
Suppose 0 = -4*r + 4*f - 1288, -5*r + r - 1276 = 2*f. Suppose 5*w + 344 = 3*w. Let g = w - r. What is the greatest common divisor of 37 and g?
37
Let t(g) = 10*g + 117. Let d be t(-25). Let s = 149 + d. What is the greatest common divisor of s and 8?
8
Let x(f) = 2*f**2 - 17*f + 59. Suppose -84 + 24 = -12*d. Let c be x(d). Let s = 39 + -23. What is the highest common factor of s and c?
8
Let j(b) = b**3 + 36*b**2 - b + 67. Let w be j(-36). Calculate the highest common factor of 3 and w.
1
Suppose 3*p - 483 = -2*j + 1577, -8 = -2*j. What is the highest common factor of p and 18?
18
Let h(x) = -x**3 + 5*x**2 - x + 5. Let g be h(5). Let k be (g - 4) + -1 + 185. Suppose 4164*n - 4159*n = 360. Calculate the greatest common divisor of k and n.
36
Suppose -4*d + 5*m = -37, 1170*d = 1165*d + 4*m + 44. Calculate the greatest common divisor of 2636 and d.
4
Suppose 5*q - 4*j + 402 = 7*q, 3*j = -3*q + 585. Calculate the greatest common factor of 441 and q.
63
Let a be (8/(-16))/(3/(-234)). Suppose -5*k - 5*l = -a - 11, -3*k - 5*l + 40 = 0. Calculate the greatest common factor of 3 and k.
1
Let f(h) = -15*h - 332. Let p be f(-22). Let w be (105/84)/(p/(-200)). Calculate the greatest common divisor of 50 and w.
25
Let l = -4063 + 4094. Calculate the highest common factor of l and 2666.
31
Let c(x) = -x**3 + 35*x**2 + 23*x + 54. Let f be c(36). Let a = 434 + f. What is the highest common factor of a and 12?
4
Suppose 12*s + 2332 = 52*s + 66*s. Calculate the highest common divisor of 2200 and s.
22
Let q = 4423 + -3834. What is the greatest common divisor of 124 and q?
31
Suppose -45 = -24*x - 45. Suppose x*p - 664 = -4*p - 4*f, 5 = f. Let v(w) = -w**2 + 10*w + 2. Let n be v(7). Calculate the highest common divisor of p and n.
23
Suppose -18525 = -3*d - 4*v, 548*d - 541*d + 4*v = 43225. Calculate the greatest common divisor of 143 and d.
13
Let r = -41 + 65. Let l(z) = -z**2 - 6*z - 1. Let t be l(-5). Let p = 4 + t. What is the greatest common divisor of r and p?
8
Let x be (-29 - -31)*(-138)/(-92). Let t = -169 - -472. Calculate the greatest common factor of x and t.
3
Suppose 35 = -23*r + 16*r. Let v(u) = -2*u**3 + 2*u**2 + 10*u - 26. Let x be v(r). Calculate the highest common divisor of x and 42.
14
Let c(t) = -t - 12. Let h be c(-16). Let o be (3/9)/(h/120). Calculate the greatest common factor of o and 4.
2
Let f(d) = -9*d**2 - 276*d - 85. Let u be f(-30). Let y(p) = -p**3 + p**2 + 2*p - 7. Let k be y(-5). Calculate the highest common divisor of u and k.
19
Let g(l) = l**3 + 17*l**2 + 8*l - 32. Let q be g(-13). Calculate the greatest common divisor of q and 60.
60
Let o = 89 + -87. Suppose w = -r + 14, 2*w - o*r - 2 = w. Let f = w - -54. Calculate the highest common factor of f and 48.
16
Suppose 42*v = 3510 - 318. Calculate the highest common factor of v and 9234.
38
Let h = 8695 - 8687. What is the highest common divisor of 22 and h?
2
Let x(y) = -y**2 + 13*y - 31. Suppose -4 = -w - j, 0 = 2*w + j - 8 - 4. Let h be x(w). Calculate the greatest common divisor of h and 1.
1
Suppose -2316 = -16*r + 1716. Calculate the greatest common divisor of 288 and r.
36
Let h = -7604 - -7608. Calculate the highest common factor of 1448 and h.
4
Suppose 21*y - 21021 = -2079. Calculate the greatest common divisor of y and 656.
82
Suppose -5*d + 42 = -147*j + 151*j, -d = 4*j - 50. Suppose -b + 3*b + 5*g - 744 = 0, 4*b - 1502 = -3*g. Calculate the greatest common factor of b and j.
13
Let o be (-325)/125 - 966/(-35). Calculate the greatest common factor of o and 37075.
25
Suppose -4*p = 5*y - 619 - 456, 2*p = -4*y + 536. What is the greatest common divisor of p and 380?
10
Let l(n) = -20*n**3 + 4*n**2 + 3*n. Let g be l(-2). Let r = -332 + 18. Let y = -280 - r. What is the highest common factor of y and g?
34
Let q(f) = -911*f + 130275. Let y be q(143). Suppose -5*h = -6*h + 98. What is the highest common divisor of y and h?
2
Let r(q) = q**3 + 24*q**2 - 48*q + 109. Let n be r(-26). What is the greatest common divisor of 128 and n